. What is the units digit of x?
0
Suppose 5*p + 48960 = -7*f + 10*f, 3*f + 3*p = 49008. What is the hundreds digit of f?
3
Suppose 0 = -171*u + 3143856 - 1211325 + 4622070. What is the thousands digit of u?
8
Suppose 2*j + 7093 = -5*f + 27302, -2*j + 7*f = -20149. What is the hundreds digit of j?
0
Suppose 22*o - 17683 = -50*o + 1103357. What is the units digit of o?
0
Suppose t + 2*y = 1860, 4*t + 2*y = 6424 + 998. What is the thousands digit of t?
1
Let t(f) = -2*f**2 + 20*f + 30. Let k be t(13). What is the units digit of 12027/24 - (-6)/k?
1
Let l be (-1)/4 + (-6)/(-24). Let p = -37 - -40. Suppose l = -p*s - s + 88. What is the units digit of s?
2
Suppose 0 = 16*c - 3*c - 29328. Let v = -1592 + c. What is the hundreds digit of v?
6
Let x(j) = -j - 9. Let m be x(-13). Suppose 0 = -2*f - 5*z + 32, m*z + 8 = 2*f + 3*z. What is the units digit of (-390)/(-12) + 3/f?
3
Suppose 4*y - 2 = 2*o - 0, -5*y = -o - 7. Let h = -1614 - -1617. Suppose -4*f + y*c = -c - 803, -h*f = -4*c - 611. What is the tens digit of f?
9
Suppose 7*v = -0*v + 54621. What is the units digit of v?
3
Suppose 0 = -28*u + 50*u - 583440. What is the tens digit of u?
2
Let o = 50048 + -11108. What is the thousands digit of o?
8
Suppose -28*r + 450876 - 3686416 = -149*r. What is the units digit of r?
0
Suppose -3*q = -q + 2. Let f = -4953 - -5104. Let r = q + f. What is the tens digit of r?
5
Suppose -9*x + 2*x = 28. What is the hundreds digit of (-2)/x*(29 - -1541)?
7
Suppose -5*x - 68735 = -3*m + 23369, m - 30720 = 4*x. What is the units digit of m?
8
Let v = -6350 - -9470. Let y = v - 1813. What is the tens digit of y?
0
Suppose 135*n = 1081155 + 777207 + 339438. What is the thousands digit of n?
6
Let h = -62 - -602. Suppose m - 5*m + 5 = -5*s, 1 = -m - s. Suppose -32*w + 36*w - h = m. What is the hundreds digit of w?
1
Let w be (-784)/(-44) + 2/11. Suppose -5*b + 2 = -w. Suppose -5*a = -b*a - 56. What is the tens digit of a?
5
Let z = 549 - 43. Suppose -119 - z = 5*x. What is the tens digit of 2/4 + x/(-10)?
1
Suppose -7*o - 23 + 72 = 0. Suppose -o = 2*d - 4*n - n, 3*d = 4*n. What is the units digit of 0/d - -3 - -3?
6
Suppose 370 = -y - 68. Let d = y - -805. What is the tens digit of d?
6
Let l be 4/(-26) + 280/130. Suppose 1 - 3 = -u, -l*u = 5*x - 14. Suppose b - x*t - 8 = -4*t, 3*t - 21 = -2*b. What is the tens digit of b?
1
Suppose 2*x - 56 = 28. Let k = x + -37. Suppose 43 = 2*j - k*c, -6*j - 3*c + 151 = -2*j. What is the tens digit of j?
3
Let n = 1816 + -1035. Let s = n - 466. Suppose -s = 5*l - 12*l. What is the units digit of l?
5
Let p(a) be the second derivative of 5*a**4/12 - a**3 + a**2/2 + 106*a. What is the hundreds digit of p(7)?
2
Let p = 36 - 23. Suppose p*k + 4*k - 21743 = 0. What is the thousands digit of k?
1
What is the thousands digit of (-20)/25 - ((-962814)/30 + -2)?
2
Let m be 2/1 + 2*63/3. Let z(t) = -67*t**3 + 3*t**2 - 4*t + 2. Let j be z(1). Let p = m - j. What is the units digit of p?
0
Let a = -13423 - -23848. What is the thousands digit of a?
0
Let m = -98 - -389. Let r = -270 + m. What is the tens digit of r?
2
Let u(x) = -919*x - 3445. What is the tens digit of u(-64)?
7
Suppose 0 = -x - 6*x. Suppose -j + 2 + 3 = x. Suppose -y + 379 = 3*o, 5*o - 424 - 211 = -j*y. What is the tens digit of o?
2
Let a(t) = 2*t**2 - 5*t + 4. Let p be a(2). Suppose p*h - 7319 = -11*h. What is the tens digit of h?
6
Suppose -509*y = -511*y + 398. Suppose -2*m - 4*v + 336 = 0, -m - 25 + y = -v. What is the tens digit of m?
7
Let r be (-1)/(-7) + (-8)/7. Let l(a) = -2*a**3 + 8*a**2 - 2*a - 5. Let s(y) = -y**3 + y. Let z(q) = r*l(q) + s(q). What is the tens digit of z(9)?
1
What is the tens digit of (-94)/((-2)/(-7) - (-3744)/(-12222))?
5
Let j(c) = 187*c + 604. What is the hundreds digit of j(42)?
4
Let i = -104 - -52. Suppose 86 = -6*u + 704. Let v = i + u. What is the tens digit of v?
5
Let x be (0/(-3) - 0) + 206. Let r(n) = 141*n**3 - 3*n**2 + n + 3. Let j be r(-1). Let i = x + j. What is the tens digit of i?
6
Let m(j) = j + 1. Let w(s) = -2*s**3 - 10*s**2 + 5*s + 2. Let n(q) = 6*m(q) - w(q). Let d be n(-5). What is the tens digit of 124 + -1 + (-5 - d)?
1
Let a(i) = 4*i - 29. Suppose 33 = 5*l - 7. Let w be a(l). Suppose 0 = 5*f - 2*b - 20 - 362, -w*b + 301 = 4*f. What is the units digit of f?
6
Let m(u) = -2*u**3 + 5*u**2 + 6*u + 6. Let q be m(-4). Suppose 29*h = 30*h - 3*z + 60, 0 = -z + 4. Let s = q + h. What is the units digit of s?
2
Let z be (501/(-9))/((-2)/66). Let u = z - -16. What is the thousands digit of u?
1
What is the units digit of (0/7)/(-1) - 5816/(-2)?
8
Let i(u) = 33*u - 44. Let d(a) = a**3 - 12*a**2 + 2*a - 18. Let y be d(12). What is the hundreds digit of i(y)?
1
Let r be -604 - 18/15*25/10. Let f = 1039 + r. What is the units digit of f?
2
Suppose -120 = -3*s - b + 109, -4*s = -b - 303. Let h = s - 49. Let n = h - -145. What is the units digit of n?
2
What is the ten thousands digit of -1*((-34)/(-85) - (-5 + (-241922)/(-5)))?
4
Let z(o) = -4*o**3 - 2*o**2 - 3*o + 18. Let s(p) = 2*p - 15. Let h be s(5). What is the units digit of z(h)?
3
Suppose -435*u + 452*u = 421634. What is the hundreds digit of u?
8
Let a(w) = 13*w**2 + 50*w - 23. Suppose 0 = 845*t - 852*t + 63. What is the tens digit of a(t)?
8
Suppose 3303*v = 3314*v - 448793 + 181086. What is the tens digit of v?
3
Suppose 0 = -5*o + 23 - 18. Suppose -h + o = -1. Suppose -h*w + 5*u - 5 = 0, -4*w = -2*w - 4*u. What is the tens digit of w?
1
Let k = -474 + 478. Suppose -6*x + x - 1425 = -5*u, -x - 1131 = -k*u. What is the hundreds digit of u?
2
Suppose -14*w + 24*w - 20*w + 90780 = 0. What is the units digit of w?
8
What is the hundreds digit of (12856/(-25)*(-1005)/(-134))/(2/(-5))?
6
Let k = 2843 - 1918. Suppose 12*m + k = 5161. What is the units digit of m?
3
Let f(c) be the third derivative of 2*c**5/15 - 7*c**4/12 - 7*c**3/6 + 264*c**2. What is the hundreds digit of f(11)?
8
What is the thousands digit of 3/((-783)/(-8786844)) + 4 + (-118)/29?
3
Let h(a) = 421*a**2 + 11*a - 3. Let t be h(-2). Let p = t - -286. What is the hundreds digit of p?
9
Let n = 56 + -56. Suppose -3*z + 4*o + 896 = n, -3*o + 1 = -2*o. Suppose 3*i + i = z. What is the units digit of i?
5
Let j(z) = 5*z - 38. Let d be j(9). What is the hundreds digit of ((-196)/d)/7 - -475?
4
Let c = 37 + -25. Suppose c*o - 5110 - 410 = 0. Suppose -5*t + 5 = 0, -4*l = 2*t - 102 - o. What is the hundreds digit of l?
1
Let t = -41 + 38. Let u be 33 + 2/(2/t). What is the units digit of u*(-12)/15*-4 + -1?
5
Let q(k) = -167*k - 190. Let x be q(0). Let z(u) = -5*u**2 + 5*u + 4. Let i be z(4). Let h = i - x. What is the tens digit of h?
3
Suppose -344 = 24*q - 20*q. Let g = q + 88. Suppose -g*k + 699 = k. What is the tens digit of k?
3
Let m be (6040/(-453))/(2/(-12)*-4). Suppose 73 = j + 27. Let p = j + m. What is the units digit of p?
6
Let m = 4088 + 25305. What is the hundreds digit of m?
3
Let f be -2*1404/26*17/(-4). Suppose -3*x + f = -4188. What is the tens digit of x?
4
Let y(j) = -2*j**2 - 22 + 8*j**2 + 39*j - 41*j - 4*j**2. Let w be 4/(4/(-3)) + -3. What is the units digit of y(w)?
2
What is the thousands digit of ((-4913)/34)/((-427)/(-214) - 2)?
0
Let r(i) = 20788*i**3 - 2*i**2 - 27*i + 29. What is the thousands digit of r(1)?
0
What is the units digit of (40/(-30))/(8/(-43788))?
8
What is the units digit of -13 - (8 - 10 - 7176)?
5
Let i = 27 - 24. Let j(s) = 6*s + 36 - 40 - i*s. What is the units digit of j(3)?
5
Let m(r) be the third derivative of -r**4/12 + 37*r**3/3 + 5*r**2 + 7*r. What is the units digit of m(-2)?
8
Suppose -372*r + 163114 + 1910414 = 0. What is the hundreds digit of r?
5
Suppose -79*d + 268*d = 2985255. What is the hundreds digit of d?
7
Suppose 10*i - 15*i + 4145 = 0. Suppose -13*k = -i - 952. What is the tens digit of k?
3
Suppose -4*h = 2*u + 78, -6*h + 3*u - 114 = -h. Let c(r) = -8*r**2 + 16 - 29 + 2*r - 32*r + 7*r**2 - 17. What is the tens digit of c(h)?
5
Let v(i) = -5*i + 125. Let t be v(26). Let o(y) = -162*y - 6. What is the tens digit of o(t)?
0
Let i(t) = 60*t**2 - 3*t + 4. Suppose 5*u + 42 = 2*j, -126 = -5*j + 2*u - 0*u. Let h = 27 - j. What is the tens digit of i(h)?
6
Suppose 143 = 10*p + 43. Suppose 4*k = -2*i + p, -2*i + 2*k = i - 31. Suppose 12*g - i*g - 387 = 0. What